t of g?
3
Let c(l) = l**3 - 5*l**2 + 8. Let x be c(5). What is the hundreds digit of x/((-16)/(-6)) - -217?
2
Suppose -4*k = -0*k. Suppose 5*j - 6 - 9 = k. Suppose 5*n + 109 = 3*w, 2*n = j*w - 183 + 62. What is the units digit of w?
3
Let w(s) = -2 + 2 - 16*s**2 + 2*s**3 + 12*s**2 + 3*s. What is the units digit of w(2)?
6
Let x be (-7)/(-42) + (-17)/(-6). Let b = x - -25. Suppose b + 8 = u. What is the tens digit of u?
3
What is the tens digit of ((-15)/(-9))/(28/(-21))*-64?
8
Let q(w) = -w - 4. Let t be q(-9). Suppose 2*g - 4*c + 122 = -6*c, t*g + 335 = 5*c. Let x = 106 + g. What is the units digit of x?
2
Let c(d) = -7*d + 12 - 14*d + 3*d + d**2. What is the units digit of c(18)?
2
Let k be (-4)/14 - (-678)/21. Let u = k + -28. Suppose 22 + 54 = u*h. What is the units digit of h?
9
Let r(p) = 2*p**3 - 18*p**2 + 20*p - 50. What is the hundreds digit of r(12)?
0
Let d(n) = -n + 32. Let p be d(28). Suppose 0 = 3*s - 49 - 41. What is the units digit of s/(-40) - (-123)/p?
0
Let w = 1622 - 347. What is the tens digit of w?
7
Suppose -5*k = -5*z - 0*k + 110, k = -2*z + 53. Let g(s) = s + 3. Let x be g(4). Let u = z - x. What is the tens digit of u?
1
What is the tens digit of (90/(-40))/(1/(-120))?
7
Suppose 8*b = 4*b + 144. Let u = b + -32. Suppose 4*s + s + p - 60 = 0, 0 = 4*s - u*p - 48. What is the tens digit of s?
1
What is the tens digit of (-5*(-42)/90)/((-4)/(-3684))?
4
Suppose -12*h + 2394 = -8430. What is the tens digit of h?
0
Let g = 31 + -22. Let p be (-6)/g - 488/(-3). Suppose 2*c + 2*c = 3*o - p, -4*o - c + 216 = 0. What is the tens digit of o?
5
Let p = -191 + 330. Let v = p - 70. What is the tens digit of v?
6
Let p(v) = -v**2 - 7*v + 4. Let k be p(-7). Suppose -7*s + 39 = -k*s. What is the units digit of s?
3
Let m(o) = -84*o + 16. Let j be m(-3). Suppose 6*b = 2*b + j. What is the tens digit of b?
6
Let r(h) = h - 6. Suppose -50*x = -55*x + 30. Let p be r(x). Suppose g - 14 - 11 = p. What is the units digit of g?
5
Suppose 2*c + 0 - 3 = o, -c + 1 = 0. What is the tens digit of -13*o/(1/1)?
1
Let v(d) = d**3 + 23*d**2 + 21*d + 30. What is the tens digit of v(-22)?
5
Suppose 142*q - 68*q - 296000 = 0. What is the tens digit of q?
0
Let v = 2590 - 1487. What is the tens digit of v?
0
Let z(i) = 3*i**2 + 12*i - 3. Suppose -8 = 2*v - 0*v, 0 = -4*o - 4*v - 52. What is the tens digit of z(o)?
3
Let v(z) = 60*z**3 - 6*z**2 + 4*z. Let t be v(3). What is the tens digit of t/14 - (-2)/7?
1
Let q be (-2572)/(-5) + 196/35 + -6. Let d = q - 289. What is the hundreds digit of d?
2
Suppose k = 5*l - 55, l + 2*l + 183 = -3*k. Let t = 33 + k. Let q = t + 47. What is the units digit of q?
0
What is the hundreds digit of ((-5)/(-2))/(6/720)?
3
Let r(u) = 2*u - 16. Suppose -11*x = -5*x - 72. Let v be r(x). What is the units digit of ((-36)/v - -4)*-86?
3
Suppose -5*v + 664 - 44 = 0. Suppose w = -w + v. What is the units digit of w?
2
Let f(z) = z**3 - 2*z**2 - 12*z. Let q be f(5). Let v(c) = 8*c + 26. What is the hundreds digit of v(q)?
1
Suppose 0 = 2*v - n - 1717, n = -5*v - n + 4306. What is the tens digit of v?
6
Let c(l) = 5*l - 1. Let i = 16 - 23. Let h(s) = -5*s + 1. Let v(w) = i*c(w) - 6*h(w). What is the units digit of v(-5)?
6
Suppose -v = 4*y - 17, 0 = -v + 2*v + 2*y - 17. Suppose 26 = 3*a + v. What is the units digit of 2*(a + -4) + 24?
2
Let p be -4 - (50 - (-2 + 4)). Let w(s) = -s**2 - s + 2. Let b be w(2). What is the units digit of (b + 5)*(-1 - p)?
1
Let o = -51 + 62. Suppose 0 = -6*l + o*l - 725. What is the hundreds digit of l?
1
Let m be 10/(-65) - (-756)/13. Suppose 0 = -5*h + 4*j + 199, -h - 3*j = -17 - 19. Let g = m - h. What is the units digit of g?
9
Suppose 5*g = -2*o + 7 - 3, 5*g - 5*o = -10. Suppose -2*w + g = -12. Let z = w - -9. What is the units digit of z?
5
Let g(b) = -b**3 + 3*b**2 - b + 3. Let t be g(3). Let s = t + 82. What is the units digit of s?
2
Suppose 2116 = 3*v - n, -3545 = -5*v + 2*n - 4*n. What is the units digit of v?
7
Suppose 35 = i - 3*f + 7, 0 = -5*i - 3*f + 50. Let d = i - -5. What is the units digit of d?
8
Suppose 0 = 5*d + 2*r - 82, 2*d + 5*r - 34 = -d. What is the tens digit of d?
1
Let o(n) = -n**3 - 12*n**2 + 16*n - 20. Let p be o(-13). Let v = 167 + p. What is the hundreds digit of v?
1
Suppose 0 = -2*b - 0*b + 16. Let x = b + -11. What is the units digit of (-62)/(-3) - x/9?
1
Let k = -189 + 375. Suppose 5*i = 2*s + s - k, 3*i = 3*s - 186. What is the tens digit of s?
6
What is the tens digit of (3 - 2130/(-4)) + (-4)/(-8)?
3
Suppose 3 = 2*c + 5. Let z be c/(20/6 + -3). What is the units digit of 16/4 - (-1 - z)?
2
Suppose 0 = 4*i - 459 - 957. Let f be -7 + 9 + i/(-2). What is the tens digit of f/(-7) + 6 + -2?
2
Suppose m + 9 = 3*c - 7, 0 = -3*c - 2*m + 13. Suppose -3*k - 23 = -2*z - c, 2*k = 2*z - 14. What is the units digit of 64 + (24/k - -4)?
2
Suppose -7*t + 12*t - 30 = 0. Suppose -8*h + 612 = -t*h. What is the hundreds digit of h?
3
Suppose -5*w = -3*c + 2136, w = -5*c - 2*w + 3594. What is the tens digit of c?
1
Let s = 22 - 20. Suppose 0 = b + s*b - 213. What is the tens digit of b?
7
Suppose 0*z = 5*z. Suppose -c = 2*w - 13, -2*w + 3*c + 25 = -z*c. Suppose 4*b + 203 = 5*l, w*b - 3*b = -l + 58. What is the units digit of l?
3
Let d = -1139 + 3037. What is the tens digit of d?
9
Let h be -4*1*(-5 - -4). Let p be 1 + h + 0/(-9). Suppose -5*t + 0*b + 31 = -3*b, 3*b = -p*t + 19. What is the units digit of t?
5
Let b(j) = -27*j**2 - 577*j + 10. What is the units digit of b(-17)?
6
Let f(b) = -8*b**3 + 4 + 3 + 13*b**3 - 2*b**3 - b. What is the units digit of f(3)?
5
Let h(j) = -2*j + 4*j**2 + 12*j**2 - 6*j**2 + 10*j**2 - 1. Let p(s) = s**2 + s - 3. Let a be p(-2). What is the units digit of h(a)?
1
Let b be (3 - -4) + 4/(-2). Suppose 2*j - b*j = -9, -3*f = 5*j + 144. Let i = 79 + f. What is the tens digit of i?
2
What is the thousands digit of ((-34)/(-85))/((-3)/(-45)) + 3903?
3
Suppose l - 19*x - 625 = -22*x, -l - 5*x + 625 = 0. What is the units digit of l?
5
Let v(p) = -25*p**2 + 50*p**2 - 28 + 1 - 32*p - 26*p**2. What is the units digit of v(-26)?
9
Let k = 58 - -396. What is the units digit of k?
4
Suppose -4 = 3*l - l. Let r be ((-4)/3)/(l/(-3)). Let y(g) = -13*g - 2. What is the tens digit of y(r)?
2
Let g(u) = -u**3 + 5*u**2 + 4*u - 12. Let s be g(5). Let i(p) = p - s - 3*p + 19 - p. What is the tens digit of i(-7)?
3
Let f(q) = -q**3 + 5*q**2 + 9*q - 15. Let d = 8 - 2. Let b be f(d). Suppose x - b*a - 140 = -3*x, 5*x - 194 = -a. What is the tens digit of x?
3
What is the thousands digit of (((-5754)/35)/(-1))/((-2)/(-60))?
4
Suppose -l + 4*l = 15, 2*u - 4*l + 28 = 0. Let x(b) = -2*b**3 - 6*b**2 - 7*b - 7. What is the units digit of x(u)?
3
Suppose 4*x + 3*a = 20, -2*x + a + a = 4. Suppose -4*i = p - 165, -5*i + x*i + 15 = 0. What is the units digit of p?
5
Let t(b) = 8*b**2 + 77. What is the hundreds digit of t(8)?
5
Suppose 2*r = 2*n - 124, r - 4*n + 134 = -r. Let f = r + 80. What is the units digit of f?
3
Suppose 0 = -3*i - 0*i. Let p be -3 - -6 - (i - 0). Suppose -8 = -4*k, 22 = 4*l - p*l + 3*k. What is the tens digit of l?
1
Let a = 270 + -206. What is the tens digit of a?
6
Suppose -11*n + 8*n = 0. Let d be n - (0 + -2 + 3). Let o(u) = 25*u**2 - u. What is the tens digit of o(d)?
2
Suppose 0 = 11*n - 7*n - 12. Suppose -4*x - 5*r + 10 = -8, x = n*r - 4. Suppose -4*q - 3*y + y = -142, 6 = x*y. What is the tens digit of q?
3
What is the tens digit of (-252)/(-210)*(-15040)/(-6)?
0
Let z be 12/8*50/3. Let y = 7 - z. What is the units digit of (y - -1)/(0 + -1)?
7
Suppose -5*o - x - 2938 = -13080, -o + 4*x + 2041 = 0. What is the hundreds digit of o?
0
Suppose 5*y + 5 = -g + 27, -16 = -4*y. Suppose -58 = -5*r - s - g, -4*r = -4*s - 40. Suppose 2*a - 33 = r. What is the tens digit of a?
2
Let t be (-25 - -7)*1/(-2). Suppose 0 = t*s - 3*s - 18. Suppose -s*q + 14 = -10. What is the units digit of q?
8
Let k(o) be the third derivative of 0 + 5/3*o**3 + 0*o - 1/24*o**4 - 7*o**2. What is the units digit of k(5)?
5
Suppose -6*m + 2497 = -989. What is the hundreds digit of m?
5
Let j(h) = -3*h - 2. Let n = -17 + 26. Suppose 12*k + 24 = n*k. What is the units digit of j(k)?
2
Let r = 131 - 14. Let g(n) = n**3 - 7*n**2 - 13*n + 12. Let m be g(9). Let t = r - m. What is the units di